111011
What is -6 (base 14) in base 8?
-6
Convert -10 (base 9) to base 3.
-100
-1012 (base 3) to base 10
-32
Convert -4 (base 12) to base 9.
-4
Convert 4 (base 15) to base 10.
4
Convert 2 (base 6) to base 5.
2
-30 (base 14) to base 9
-46
-10 (base 9) to base 16
-9
What is -10102 (base 3) in base 4?
-1130
What is -24 (base 16) in base 6?
-100
What is 222 (base 6) in base 13?
68
Convert 56 (base 9) to base 14.
39
Convert 4 (base 7) to base 10.
4
What is -5 (base 16) in base 2?
-101
What is -1 (base 6) in base 5?
-1
Convert -93 (base 10) to base 12.
-79
15 (base 11) to base 14
12
What is -14 (base 13) in base 7?
-23
Convert -1c (base 16) to base 8.
-34
What is 10 (base 10) in base 6?
14
What is -3 (base 7) in base 16?
-3
Convert -113 (base 7) to base 11.
-54
2 (base 5) to base 3
2
What is -1101 (base 3) in base 14?
-29
2 (base 16) to base 8
2
What is 11 (base 12) in base 9?
14
Convert f4 (base 16) to base 12.
184
1c (base 15) to base 6
43
What is -3b (base 13) in base 14?
-38
Convert -81 (base 9) to base 15.
-4d
Convert -15 (base 10) to base 13.
-12
4 (base 16) to base 11
4
Convert -120 (base 7) to base 14.
-47
Convert 2 (base 7) to base 8.
2
3 (base 15) to base 8
3
What is -10122 (base 4) in base 15?
-13c
What is 33 (base 7) in base 12?
20
6 (base 13) to base 8
6
14 (base 11) to base 2
1111
What is -5 (base 15) in base 3?
-12
Convert 3 (base 6) to base 8.
3
320 (base 5) to base 10
85
What is -2 (base 3) in base 4?
-2
Convert 266 (base 10) to base 4.
10022
Convert 9 (base 11) to base 8.
11
-71 (base 14) to base 4
-1203
Convert 10 (base 3) to base 11.
3
Convert 301 (base 4) to base 12.
41
2 (base 6) to base 2
10
What is 14 (base 7) in base 3?
102
Convert 17 (base 12) to base 16.
13
What is 28 (base 9) in base 7?
35
Convert 10111000 (base 2) to base 10.
184
What is 221 (base 5) in base 14?
45
4 (base 15) to base 11
4
1 (base 3) to base 10
1
-10221 (base 3) to base 2
-1101010
What is -210 (base 3) in base 15?
-16
27 (base 8) to base 9
25
Convert 2 (base 16) to base 6.
2
-11001 (base 3) to base 2
-1101101
Convert 2 (base 5) to base 14.
2
-3 (base 13) to base 15
-3
What is 91 (base 11) in base 4?
1210
What is 4a (base 15) in base 7?
130
Convert 64 (base 10) to base 8.
100
Convert 8 (base 10) to base 7.
11
Convert -21 (base 10) to base 7.
-30
What is -2 (base 10) in base 9?
-2
What is 0 (base 10) in base 4?
0
What is 1 (base 9) in base 13?
1
Convert 10100 (base 2) to base 13.
17
Convert 3 (base 10) to base 13.
3
Convert 1101 (base 2) to base 10.
13
What is 11 (base 11) in base 9?
13
What is 3b (base 15) in base 7?
110
0 (base 4) to base 16
0
What is 45 (base 11) in base 14?
37
What is 1 (base 11) in base 2?
1
0 (base 11) to base 14
0
43 (base 15) to base 7
120
5 (base 11) to base 14
5
Convert 53 (base 7) to base 9.
42
-3 (base 12) to base 13
-3
Convert 0 (base 4) to base 15.
0
10 (base 2) to base 16
2
Convert -6 (base 15) to base 12.
-6
-b7 (base 16) to base 8
-267
-4 (base 8) to base 15
-4
Convert -15 (base 6) to base 13.
-b
-3 (base 6) to base 16
-3
-13 (base 7) to base 3
-101
23 (base 16) to base 13
29
Convert 22 (base 12) to base 9.
28
0 (base 2) to base 16
0
Convert -102 (base 5) to base 12.
-23
What is -29 (base 14) in base 9?
-41
Convert -18 (base 10) to base 13.
-15
Convert -72 (base 11) to base 2.
-1001111
What is -103 (base 5) in base 3?
-1001
Convert c (base 16) to base 10.
12
What is 23 (base 5) in base 7?
16
Convert -1001111 (base 2) to base 11.
-72
What is 3 (base 14) in base 13?
3
What is 53 (base 13) in base 8?
104
-64 (base 12) to base 16
-4c
What is -44 (base 6) in base 13?
-22
What is -1011 (base 2) in base 11?
-10
12 (base 3) to base 8
5
Convert -8 (base 9) to base 13.
-8
1 (base 2) to base 12
1
What is -7 (base 9) in base 14?
-7
-12 (base 5) to base 2
-111
What is -5 (base 7) in base 13?
-5
What is 213 (base 5) in base 2?
111010
4 (base 12) to base 9
4
What is 12c (base 14) in base 13?
152
-10 (base 3) to base 16
-3
-10101 (base 2) to base 8
-25
What is -11 (base 2) in base 15?
-3
Convert -11 (base 5) to base 8.
-6
Convert -10 (base 8) to base 11.
-8
What is 41 (base 12) in base 8?
61
What is -1 (base 12) in base 13?
-1
12 (base 7) to base 15
9
0 (base 6) to base 4
0
-a (base 13) to base 7
-13
What is 102 (base 3) in base 5?
21
What is -51 (base 9) in base 16?
-2e
What is -1 (base 10) in base 11?
-1
-67 (base 15) to base 4
-1201
What is -23 (base 14) in base 3?
-1011
What is 1100 (base 6) in base 4?
3330
What is -4 (base 7) in base 14?
-4
Convert -1154 (base 6) to base 14.
-166
Convert -3 (base 14) to base 9.
-3
-10 (base 14) to base 9
-15
What is -3 (base 4) in base 13?
-3
What is -18 (base 10) in base 14?
-14
Convert -10110 (base 2) to base 6.
-34
What is 0 (base 7) in base 3?
0
What is -97 (base 13) in base 3?
-11121
Convert 11 (base 6) to base 5.
12
-1 (base 3) to base 8
-1
107 (base 11) to base 12
a8
Convert 32 (base 4) to base 10.
14
0 (base 10) to base 5
0
Convert -1 (base 8) to base 6.
-1
Convert 4 (base 5) to base 10.
4
Convert -203 (base 4) to base 7.
-50
5e (base 16) to base 8
136
-a3 (base 14) to base 4
-2033
-1 (base 3) to base 14
-1
Convert 4 (base 12) to base 5.
4
What is -111 (base 4) in base 15?
-16
9 (base 15) to base 3
100
Convert 5 (base 10) to base 4.
11
-1 (base 15) to base 16
-1
Convert b (base 13) to base 11.
10
Convert 14 (base 14) to base 2.
10010
152 (base 9) to base 4
2000
Convert -11 (base 8) to base 14.
-9
Convert -19 (base 10) to base 16.
-13
-2b (base 13) to base 15
-27
-36 (base 13) to base 12
-39
-c (base 16) to base 6
-20
What is 3f (base 16) in base 15?
43
-100 (base 3) to base 9
-10
-1d (base 16) to base 13
-23
Convert -4 (base 7) to base 2.
-100
What is -3 (base 7) in base 11?
-3
What is -71 (base 8) in base 2?
-111001
What is 3 (base 9) in base 8?
3
Convert 21220 (base 3) to base 14.
113
-12 (base 10) to base 12
-10
What is 5 (base 13) in base 6?
5
What is -1f (base 16) in base 3?
-1011
What is 15 (base 16) in base 15?
16
What is 13 (base 8) in base 5?
21
Convert 331 (base 4) to base 15.
41
What is 10 (base 2) in base 9?
2
Convert -20 (base 6) to base 16.
-c
-100 (base 2) to base 13
-4
What is 230 (base 8) in base 7?
305
What is -23 (base 5) in base 14?
-d
-204 (base 6) to base 9
-84
What is -261 (base 7) in base 10?
-141
Convert -3 (base 11) to base 5.
-3
22 (base 5) to base 13
c
110100 (base 2) to base 7
103
What is -10 (base 2) in base 4?
-2
20 (base 7) to base 15
e
Convert -2 (base 14) to base 3.
-2
Convert -211 (base 4) to base 13.
-2b
Convert -2 (base 5) to base 12.
-2
What is 26 (base 10) in base 5?
101
-14 (base 12) to base 11
-15
What is 3 (base 14) in base 7?
3
Convert 4 (base 15) to base 16.
4
2c (base 13) to base 9
42
-124 (base 6) to base 12
-44
Convert c (base 13) to base 6.
20
Convert 25 (base 10) to base 11.
23
What is 10 (base 3) in base 12?
3
Convert 1021 (base 3) to base 5.
114
What is -4 (base 5) in base 14?
-4
Convert 10100001 (base 2) to base 6.
425
-ba (base 12) to base 14
-a2
-61 (base 15) to base 2
-1011011
Convert 1a (base 16) to base 5.
101
Convert -220 (base 3) to base 11.
-22
Convert -2 (base 15) to base 2.
-10
-1d (base 14) to base 8
-33
-3 (base 11) to base 6
-3
Convert -38 (base 11) to base 16.
-29
What is 7 (base 13) in base 10?
7
11101 (base 2) to base 15
1e
What is 3 (base 14) in base 3?
10
What is 0 (base 7) in base 3?
0
1101 (base 3) to base 4
211
Convert -f (base 16) to base 11.
-14
Convert -65 (base 14) to base 2.
-1011001
What is 0 (base 6) in base 10?
0
What is -3 (base 13) in base 8?
-3
What is -7 (base 14) in base 2?
-111
202 (base 10) to base 7
406
-101 (base 7) to base 15
-35
What is 1100 (base 2) in base 11?
11
What is -52 (base 6) in base 16?
-20
Convert 111 (base 4) to base 14.
17
-47 (base 9) to base 6
-111
What is 13 (base 9) in base 5?
22
What is 1 (base 12) in base 9?
1
Convert -3 (base 8) to base 13.
-3
What is 14 (base 14) in base 6?
30
What is -1 (base 6) in base 16?
-1
What is 12 (base 3) in base 8?
5
Convert 102 (base 4) to base 7.
24
-112100 (base 3) to base 4
-12003
6 (base 15) to base 7
6
What is -255 (base 7) in base 13?
-a8
0 (base 14) to base 7
0
Convert -36 (base 16) to base 8.
-66
Convert 0 (base 16) to base 7.
0
-36 (base 8) to base 11
-28
Convert -2124 (base 5) to base 2.
-100100001
What is 2 (base 12) in base 5?
2
Convert